9584?
2
What is the greatest common divisor of 2788644 and 292758?
4962
What is the highest common factor of 1116 and 28640466?
558
Calculate the highest common divisor of 62 and 1405106.
62
What is the greatest common divisor of 4893 and 55797?
21
What is the highest common factor of 251438 and 5566?
242
What is the greatest common factor of 193036648 and 728?
56
Calculate the greatest common factor of 300194138 and 145.
29
What is the highest common factor of 12246 and 17723730?
942
Calculate the greatest common factor of 111460 and 320.
20
Calculate the greatest common divisor of 261768733 and 1747.
1747
Calculate the greatest common factor of 34503852 and 21228.
348
Calculate the highest common divisor of 26 and 5870761.
13
What is the highest common divisor of 35007012 and 42?
6
Calculate the greatest common divisor of 7352 and 9788269.
919
Calculate the greatest common divisor of 246 and 19399929.
123
Calculate the greatest common divisor of 1661751 and 98.
7
What is the highest common factor of 11757545 and 5?
5
Calculate the greatest common factor of 34895 and 9506395.
4985
Calculate the greatest common divisor of 279739 and 449.
1
Calculate the greatest common factor of 1224 and 777654936.
1224
What is the highest common factor of 3331240 and 5632?
88
Calculate the greatest common divisor of 3278 and 7757387.
1639
What is the greatest common divisor of 22190 and 86170?
70
Calculate the highest common divisor of 1052 and 3704355.
263
Calculate the highest common divisor of 86689188 and 2142.
306
What is the greatest common factor of 5859250 and 345?
115
Calculate the highest common factor of 4139127964 and 2308.
2308
Calculate the greatest common divisor of 406 and 3271403.
29
What is the highest common factor of 7 and 30471161?
7
What is the highest common divisor of 121074 and 242556?
102
What is the highest common divisor of 977116 and 22036?
28
Calculate the highest common factor of 740 and 5102560.
20
Calculate the greatest common divisor of 3527850 and 24360.
870
What is the highest common factor of 1564017 and 153?
51
Calculate the greatest common divisor of 3627055 and 12455.
265
Calculate the greatest common factor of 362848967 and 5044.
1261
What is the greatest common divisor of 11660 and 97680?
220
What is the greatest common divisor of 14004 and 2988?
36
What is the highest common divisor of 92 and 1864104?
92
What is the highest common factor of 26216065 and 909?
101
What is the greatest common divisor of 1022703 and 578?
17
Calculate the greatest common divisor of 279625 and 16000.
125
What is the greatest common divisor of 1378 and 93785302?
1378
What is the highest common factor of 28262000 and 33280?
1040
Calculate the highest common factor of 457256 and 12139.
61
What is the highest common divisor of 30 and 151582490?
10
Calculate the greatest common divisor of 67798 and 376268.
218
What is the greatest common factor of 60020893 and 1906?
953
Calculate the greatest common factor of 17746386 and 85974.
966
Calculate the highest common divisor of 396 and 86128317.
99
Calculate the greatest common factor of 1590 and 357531.
3
What is the highest common divisor of 345168 and 16875?
27
Calculate the greatest common divisor of 1192 and 20009061.
149
Calculate the highest common divisor of 218880833 and 94.
47
Calculate the highest common factor of 318528264 and 888.
888
What is the highest common divisor of 235251939 and 21524?
5381
What is the greatest common divisor of 78211920 and 440?
40
Calculate the highest common divisor of 228287 and 2479303.
5309
Calculate the highest common factor of 27255964 and 68.
68
Calculate the greatest common factor of 883245 and 117183.
1749
Calculate the highest common divisor of 754475 and 9376.
293
What is the greatest common divisor of 107 and 13653307?
107
What is the highest common factor of 1054 and 44775656?
62
Calculate the highest common divisor of 599430 and 26.
26
Calculate the greatest common factor of 312 and 9226488.
24
Calculate the highest common divisor of 165204 and 73944.
468
Calculate the greatest common divisor of 466 and 3121501.
233
Calculate the greatest common factor of 2222 and 1111808.
202
Calculate the greatest common factor of 1365 and 2697695.
455
What is the highest common divisor of 1792606 and 28768?
1798
Calculate the greatest common divisor of 6048129 and 73029.
6639
Calculate the greatest common divisor of 165 and 6104100.
15
What is the highest common factor of 4990 and 5098?
2
What is the greatest common divisor of 9699 and 12993?
183
What is the greatest common factor of 192670374 and 19?
19
Calculate the highest common factor of 365 and 877686373.
73
What is the highest common factor of 7605954 and 31042?
166
What is the highest common divisor of 3216 and 2115726?
402
Calculate the highest common factor of 35548401 and 4515.
903
Calculate the highest common factor of 55923 and 1491.
21
Calculate the greatest common factor of 2176649 and 164.
41
What is the greatest common factor of 4849 and 6686398?
373
Calculate the greatest common divisor of 32 and 2990367104.
32
Calculate the greatest common factor of 340 and 78366532.
68
What is the greatest common divisor of 255 and 17251940?
85
Calculate the greatest common factor of 189 and 1460046.
21
Calculate the highest common divisor of 2061 and 19591179.
687
Calculate the highest common factor of 45 and 120895263.
9
What is the highest common divisor of 7338896 and 320?
16
Calculate the greatest common factor of 6425190 and 3657.
159
What is the greatest common factor of 57724014 and 18?
6
What is the greatest common factor of 1845 and 4032432?
369
What is the highest common divisor of 3303 and 31642740?
3303
What is the greatest common divisor of 5407 and 2432?
1
What is the greatest common factor of 314 and 227497082?
314
What is the greatest common factor of 812 and 2589372590?
406
Calculate the highest common factor of 190 and 1974190.
10
Calculate the greatest common divisor of 35371726 and 234.
26
What is the highest common divisor of 1144031 and 7?
7
What is the highest common factor of 311145062 and 148?
74
Calculate the highest common factor of 28903357 and 1393.
1393
Calculate the highest common divisor of 1302 and 5067322.
62
Calculate the highest common factor of 34906882 and 1666.
34
What is the greatest common divisor of 3300 and 80817?
33
What is the greatest common divisor of 411 and 147976714?
137
Calculate the highest common factor of 34 and 13474693.
17
Calculate the highest common divisor of 466 and 153248.
2
Calculate the greatest common factor of 20496 and 2731824.
2928
What is the highest common factor of 8326059 and 483?
21
What is the highest common factor of 57428 and 58800?
196
Calculate the greatest common divisor of 4219130 and 760.
10
What is the highest common factor of 484 and 337744?
44
What is the highest common factor of 855930 and 47090?
2770
What is the greatest common factor of 11134 and 351348?
38
Calculate the greatest common divisor of 2282038 and 440.
22
What is the highest common divisor of 9922 and 446974?
242
Calculate the greatest common divisor of 10234591 and 748502.
1381
Calculate the greatest common factor of 727414 and 567816.
802
What is the highest common factor of 586250 and 124250?
1750
What is the highest common factor of 1336 and 1597689?
167
Calculate the greatest common factor of 5840 and 924258840.
2920
Calculate the greatest common factor of 87968 and 202887196.
10996
What is the greatest common factor of 320 and 1888780?
20
What is the greatest common divisor of 2453490 and 2460?
30
Calculate the highest common factor of 172 and 58581652.
172
What is the greatest common factor of 1402290 and 7470?
90
What is the highest common divisor of 97 and 4674333?
97
Calculate the greatest common divisor of 5994 and 53997948.
1998
Calculate the greatest common divisor of 403 and 31822037.
13
Calculate the greatest common factor of 36 and 199703124.
36
Calculate the highest common factor of 683 and 1939297906.
683
Calculate the greatest common factor of 165090774 and 17.
17
Calculate the highest common divisor of 9585 and 303750.
135
Calculate the highest common factor of 1216 and 616256.
64
What is the greatest common divisor of 5 and 4920995?
5
W